 - 4*w**2 - w - 12. Let y(a) = 7*q(a) - 6*s(a). What are the prime factors of y(-3)?
2, 3, 5
Suppose 4*h + 4 = 0, 3*l - 4*h - 16 = 3. Suppose 1078 - 338 = l*z. What are the prime factors of z?
2, 37
Suppose -2*a + 5*b = -33, 3*a + 2*a + 5*b - 100 = 0. What are the prime factors of (4 - a)*(-54)/15?
2, 3
Let m be 4/(-18) - (-388)/(-36). Let n = m - -20. Suppose -j + 2*j = n. What are the prime factors of j?
3
Suppose 15 = -0*g + 3*g. Suppose -g*t = -0*t + 50. What are the prime factors of 4/t + 407/55?
7
Suppose -3*o = k, -4*o + 0*k - 3*k = 0. Suppose 65 = 3*i - 4*n, i + i - 4*n - 46 = o. What are the prime factors of i?
19
Suppose 0 = 5*o - 4*o + 2*z - 1501, -o + 3*z + 1486 = 0. List the prime factors of o.
5, 13, 23
Suppose -4*x + 15 + 5 = 0. Suppose 0 = 4*a + 4*v - 136, -2*a - x*v = -70 - 13. What are the prime factors of a?
29
Let i(z) = -z + 4. Let q be i(0). Suppose 3*u - c = -1, q*c + c - 5 = 0. List the prime factors of ((-21)/3)/(u - 1).
7
List the prime factors of ((-12)/(-8))/((-15)/(-560)).
2, 7
Let v(l) = l**2 - 6*l. Let c be v(11). Let g be ((-6)/5)/(9/(-30)). Suppose c = g*k - 13. List the prime factors of k.
17
Let z(t) be the second derivative of -t**5/20 - 5*t**4/6 - 7*t**3/3 - 3*t**2/2 - 23*t. What are the prime factors of z(-9)?
2, 3, 7
Suppose -9120 = 39*u - 47*u. What are the prime factors of u?
2, 3, 5, 19
Suppose 4*x - l - 2 = -0, -2*l + 9 = 5*x. What are the prime factors of ((-1)/1)/(x*3/(-363))?
11
Let c = -13 - 194. Suppose -15 = -144*a + 139*a. List the prime factors of (8/(-12))/(a/c).
2, 23
Let y(v) be the third derivative of 7*v**5/30 + 3*v**4/8 - v**3 - 15*v**2. List the prime factors of y(3).
3, 7
Let h = -51 + 53. Suppose -h*d + 2*r + 188 = 0, 98 = 2*d - d + 3*r. List the prime factors of d.
5, 19
Suppose -19 = 3*m + 14. Let x = 6 + m. Let w(r) = -3*r - 4. What are the prime factors of w(x)?
11
Suppose 8*x - 3*x = -30. Let g = -22 - -21. What are the prime factors of (-716)/(-24) + g/x?
2, 3, 5
Let w(l) = -30*l - 19 - 16*l + 36*l + l**2. List the prime factors of w(13).
2, 5
Let o = 17 + -5. Let s be 2/(-12) - (-38)/o. Suppose s*q - 5*g + 7 = -0*g, 5*q - 45 = -3*g. What are the prime factors of q?
2, 3
Suppose -16*x + 36036 = 11316. List the prime factors of x.
3, 5, 103
Let j = -42 + 6. List the prime factors of (-1 + -2)/(j/300).
5
Let y be 2/8 + (-45)/36. Let p(b) = -57*b**3 - b**2 - 1. What are the prime factors of p(y)?
5, 11
Let w(q) = -3*q**3 + 3*q**2 + 12*q + 10. List the prime factors of w(-5).
2, 5
Let r(s) = -1 - 29*s + 1 - 7*s. Let t be r(-7). What are the prime factors of (-6)/4*t/(-27)?
2, 7
Let p(n) = -4*n**2 + 7*n**2 + 4 + 7*n - 2*n**2. List the prime factors of p(5).
2
Let j(g) = 531*g**3 - 3*g**2 + 4*g - 1. List the prime factors of j(1).
3, 59
Suppose 6*x = 4*b + 2*x - 568, 3*b - 434 = x. Let c = b + -81. List the prime factors of c.
5, 13
Suppose 3*t - 41 = 1018. List the prime factors of t.
353
Let j(i) = -15*i + 85. List the prime factors of j(-6).
5, 7
List the prime factors of (-182016)/(-240) + (-2)/5.
2, 379
Suppose -16*t + 27*t - 1991 = 0. What are the prime factors of t?
181
Let n be (-37 - -39)*3/2. Suppose -c + n = -3. What are the prime factors of c?
2, 3
Let r = 987 - 574. What are the prime factors of r?
7, 59
Suppose 51 = 4*j + 11. Let g(l) = -l**3 + 12*l**2 - 16*l + 12. What are the prime factors of g(j)?
2, 13
Suppose -d - 1233 = -3*o, 4*o = -2*d + 1159 + 475. What are the prime factors of o?
2, 5, 41
Suppose -2*a + 24 = 2*m, -2 = -m - 3*a + 4*a. Suppose -22 = v - m. What are the prime factors of 12/(-30) + (-456)/v?
2, 3, 5
Let v(m) = 2*m**2 - 3*m + 1. Let j be v(1). Suppose -1199 = -6*x + x - 4*w, j = -x - w + 240. List the prime factors of x.
239
Suppose 0 = -4*i - 7*r + 4*r + 528, -264 = -2*i + 4*r. What are the prime factors of i?
2, 3, 11
Let f(g) = -g**3 - 2*g**2 + 3*g + 959. List the prime factors of f(0).
7, 137
Let j = 5 - 2. Suppose -2*i + 106 = -3*l + 44, j*i - l = 86. What are the prime factors of i?
2, 7
Let i be -2 - (-2 + 2 + 1) - -7. Let c = i - -12. List the prime factors of c.
2
Let f = 1244 - 903. What are the prime factors of f?
11, 31
Let b(i) = 151*i**3 - i**2 + 2*i - 1. Suppose 0 = -2*r + 5*r - 3. List the prime factors of b(r).
151
What are the prime factors of ((-14216)/(-8) - -4) + -4?
1777
Let y(c) = -c + 2 + 12*c**3 - 11*c**3 + 3*c**2 + 6*c**2. List the prime factors of y(-9).
11
Suppose -5*w + 3*n = -3957, -5*n = -2*w - 0*n + 1598. What are the prime factors of w?
3, 263
Let r = 519 + 2973. List the prime factors of r.
2, 3, 97
List the prime factors of 9*(-20)/(-75)*295.
2, 3, 59
Suppose 17 = -2*o + 5*u - 2, 0 = -o - 5*u + 28. Suppose 29 = -o*m + 125. What are the prime factors of m?
2
What are the prime factors of 8/(-10) - (-3327)/30*2?
13, 17
Let a = -83 - -86. Suppose 3*v - 8*v - 5*i + 190 = 0, 0 = -4*v - a*i + 157. List the prime factors of v.
43
Let p = 1182 + -598. List the prime factors of p.
2, 73
Suppose 6*x - 6749 = -11*x. List the prime factors of x.
397
Let r(n) = -12 + n**3 + 6 + 0*n**3 + 8*n - 7*n**2. Let z(g) = 7*g**2 + g. Let c be z(-1). What are the prime factors of r(c)?
2, 3
Let l(w) be the first derivative of 5*w**4/2 + w**3 + w**2/2 - 3*w + 5. List the prime factors of l(2).
7, 13
Suppose 2*v + 0*y + y - 1 = 0, -5*v + 7 = -2*y. Let t be (v - 0)*(-4 - -7). Suppose -3*s + 0*s - t*c = -69, 4*s = 2*c + 98. List the prime factors of s.
2, 3
Suppose 165 = 8*q + 37. What are the prime factors of q?
2
Suppose z + 4*t = -11, -z - t = -2*t - 9. Suppose 0*f - z*f - 5*d + 35 = 0, -3*d = 3. List the prime factors of f.
2
Suppose 2*l + w - 5 = 5, 0 = 4*l - 3*w - 40. Suppose 9*u - l*u - 22 = 0. List the prime factors of u.
11
Let i(a) = -a**2 - a. Let c = 11 + -12. Let p be i(c). Suppose p = -5*z - 13 + 43. List the prime factors of z.
2, 3
Suppose 5*b - b + 12 = 3*q, -4*q = -4*b - 12. Let w = -165 - -167. Suppose q*h - 10 = -w*h. List the prime factors of h.
5
Suppose -47*b - 2165 = -52*b. List the prime factors of b.
433
Let p(y) = -1. Let i(s) = -s. Let m(k) = i(k) + 3*p(k). Let g be m(-4). Suppose 2*u - 31 = -g. What are the prime factors of u?
3, 5
Let i be (-1)/4 + 39/12. Suppose 19 = i*x + 7. Suppose 6*m - 3*m + 4*l = -x, m = 3*l + 16. What are the prime factors of m?
2
Let h = 1742 + 585. What are the prime factors of h?
13, 179
Suppose -3*a + 30 = -6. List the prime factors of 284/a - (-5)/15.
2, 3
Let i = 12 + -3. Let b be (1 - -2)/(i/6). Suppose 67 = b*d - 9. List the prime factors of d.
2, 19
Suppose 0*c = 9*c + 234. Let a = c - -158. What are the prime factors of a?
2, 3, 11
Let m(b) = -80*b**2 + 3*b - 2. Let r(h) = -1. Let d(w) = -m(w) + 2*r(w). List the prime factors of d(1).
7, 11
List the prime factors of 99415/40 - 4*(-24)/(-256).
5, 7, 71
Let b = 4 + 3. Let j = b - -3. List the prime factors of 1*j*(-60)/(-25).
2, 3
Suppose 4*a + 2*u = 493 + 407, -5*a - 3*u + 1126 = 0. Suppose 6*c + 74 = a. What are the prime factors of c?
5
Suppose c + z = 18, -4*c + 2*z + 29 = -c. Suppose -16*i + c*i + 48 = 0. What are the prime factors of i?
2
Let q(y) = y**3 + 32*y**2 - 9*y - 26. Suppose 5*h = -3*w - 49 - 108, -2*w + 2 = 0. What are the prime factors of q(h)?
2, 131
Let j(h) = -h**3 + 5*h**2 + 8*h - 7. Let t be j(6). Suppose z + o = -3*o + 17, 0 = -z - o + t. What are the prime factors of (-7 - -3)/(-1) + z?
5
Let z = -3 - -15. Let n = z + 53. What are the prime factors of n?
5, 13
Let k be 0/((-3)/(-1) - 1). Let o = 26 - -4. Suppose k*d = d - o. What are the prime factors of d?
2, 3, 5
Let c be ((-228)/(-8))/((-3)/(-6)). Let j = c - -22. List the prime factors of j.
79
Suppose -4*c - r + 1106 = 0, -6*c + 3*c + 838 = 5*r. Let q = c - 146. What are the prime factors of q?
2, 5, 13
Let h = -113 - -113. Suppose 68 = 2*f - h*f. What are the prime factors of f?
2, 17
Let n(r) = 2*r**2 + 11*r + 21. Let x be n(-6). Suppose -4*c = 2*j - 125 + x, -3*j = c - 157. List the prime factors of j.
53
Let u(c) = -c**3 - 10*c**2 - 10*c - 12. Suppose -5*g + 1 = -5*s - 74, 0 = -s - 2*g. List the prime factors of u(s).
2, 11
Let z(g) = 43*g - 21. Let q be z(4). Suppose 0*t - 2*t = -a + 29, 0 = 4*a - t - q. List the prime factors of a.
3, 13
Suppose -2*f + 12 = -5*g - 4, 2*g - 24 = -3*f. List the prime factors of 4 - (-169 + f/4).
3, 19
Suppose -4*